16 (base 12) to base 5
4334
Convert 1a509 (base 11) to base 15.
86e5
What is 23aa (base 13) in base 4?
1032301
What is 1655 (base 15) in base 9?
6528
What is 23555 (base 8) in base 9?
14754
130 (base 5) to base 10
40
-34b0 (base 15) to base 7
-44424
Convert 1101010100111 (base 2) to base 16.
1aa7
Convert 22c3 (base 15) to base 14.
2995
-2510 (base 10) to base 13
-11b1
Convert 210313 (base 4) to base 13.
10c6
1cac (base 13) to base 6
32115
Convert 75 (base 10) to base 13.
5a
-2451 (base 6) to base 10
-607
What is -1121 (base 7) in base 4?
-12113
Convert -110122 (base 3) to base 7.
-665
Convert 4439 (base 13) to base 12.
5608
72c1 (base 13) to base 16
3e02
Convert -2119 (base 10) to base 12.
-1287
21221 (base 5) to base 16
59c
173 (base 11) to base 3
21110
-333201 (base 5) to base 3
-121000110
-505032 (base 6) to base 11
-28046
Convert -5d4 (base 15) to base 9.
-1731
Convert 34312 (base 6) to base 7.
20123
2033311 (base 5) to base 13
12392
What is -32000 (base 4) in base 13?
-53c
Convert 810 (base 10) to base 15.
390
Convert -230 (base 11) to base 8.
-423
What is -20202 (base 3) in base 4?
-2312
Convert 110111101 (base 2) to base 10.
445
323114 (base 6) to base 5
1322424
What is 40 (base 12) in base 14?
36
Convert -110110011000000 (base 2) to base 8.
-66300
Convert 9c20 (base 15) to base 4.
20011101
What is -10101000111000 (base 2) in base 16?
-2a38
44263 (base 8) to base 9
27468
-1835 (base 9) to base 16
-581
-1232010 (base 4) to base 16
-1b84
110102100 (base 3) to base 4
2031132
What is -24976 (base 10) in base 13?
-b4a3
-774 (base 15) to base 5
-23214
5b32 (base 12) to base 15
3092
Convert 71a (base 13) to base 10.
1206
Convert 615 (base 10) to base 3.
211210
What is 1001100111111001 (base 2) in base 12?
1a989
552 (base 15) to base 12
842
42166 (base 7) to base 16
2893
What is 100110100011001 (base 2) in base 13?
8ca3
What is 1c80 (base 13) in base 11?
3286
404121 (base 5) to base 15
3ce1
410303 (base 5) to base 6
141043
What is 26981 (base 12) in base 16?
cff1
7826 (base 13) to base 10
16763
Convert 6400 (base 7) to base 5.
33004
-3743 (base 8) to base 3
-2202210
6196 (base 10) to base 12
3704
What is -12416 (base 8) in base 10?
-5390
Convert -32014 (base 5) to base 15.
-974
Convert -11 (base 7) to base 6.
-12
5545 (base 6) to base 4
110021
Convert 12444 (base 7) to base 4.
303303
-309 (base 14) to base 5
-4342
What is -1672 (base 12) in base 11?
-2015
429 (base 12) to base 10
609
What is -549 (base 10) in base 7?
-1413
Convert 205e (base 16) to base 15.
26c6
21001211 (base 4) to base 13
13a96
Convert -9b1 (base 15) to base 13.
-cc7
-207c (base 13) to base 8
-10621
-714 (base 16) to base 8
-3424
Convert -50303 (base 8) to base 2.
-101000011000011
What is 108b (base 13) in base 9?
3148
Convert 11204 (base 5) to base 13.
49b
Convert 302201 (base 6) to base 13.
ab04
Convert 15608 (base 11) to base 13.
a048
20220 (base 3) to base 9
226
Convert 44402 (base 9) to base 11.
20176
What is -53425 (base 6) in base 11?
-5527
Convert -187 (base 12) to base 13.
-160
What is -20 (base 10) in base 11?
-19
What is -13146 (base 8) in base 7?
-22501
What is -23240 (base 5) in base 4?
-122133
-10001101000111 (base 2) to base 15
-2a21
Convert -111001100011 (base 2) to base 14.
-14b1
What is 163 (base 13) in base 12?
18a
What is -41252 (base 6) in base 14?
-2012
Convert -441112 (base 5) to base 14.
-5749
What is -11aa2 (base 13) in base 10?
-32580
32030002 (base 4) to base 9
87641
Convert 4500 (base 13) to base 14.
3721
Convert -11200 (base 4) to base 5.
-2402
What is 311 (base 9) in base 5?
2003
25810 (base 9) to base 7
101541
What is -37633 (base 8) in base 7?
-65321
Convert 42a7 (base 12) to base 2.
1110010011111
Convert 237 (base 9) to base 11.
169
What is -1004 (base 11) in base 3?
-1211110
802 (base 10) to base 2
1100100010
2218 (base 14) to base 6
43154
2a500 (base 12) to base 16
e850
What is 3bb (base 14) in base 4?
23301
What is -527 (base 9) in base 16?
-1ae
What is -1000222 (base 3) in base 10?
-755
1331331 (base 4) to base 14
2d1b
Convert -465 (base 7) to base 5.
-1433
What is a5 (base 16) in base 14?
bb
-3666 (base 9) to base 8
-5255
Convert -2101102 (base 3) to base 5.
-23424
-305102 (base 6) to base 4
-11331332
Convert -10111010 (base 2) to base 15.
-c6
-523425 (base 6) to base 15
-c7db
796 (base 10) to base 5
11141
1001100 (base 3) to base 2
1011111101
What is -12323221 (base 4) in base 12?
-14521
1a5 (base 11) to base 6
1032
What is -13 (base 15) in base 16?
-12
Convert 226 (base 8) to base 15.
a0
Convert -110000111000 (base 2) to base 15.
-dd8
Convert -1313 (base 4) to base 12.
-9b
What is -6c2 (base 13) in base 5?
-14142
What is -202 (base 7) in base 8?
-144
a75 (base 12) to base 9
2078
What is -1212212 (base 3) in base 5?
-20443
What is 1020 (base 9) in base 12?
523
-254b (base 15) to base 16
-1f0a
What is -35121 (base 6) in base 8?
-11631
Convert 21a (base 16) to base 12.
38a
What is 24d4 (base 15) in base 14?
2c09
What is 21131102 (base 4) in base 9?
58122
What is -2001111210 (base 3) in base 9?
-61453
9b0 (base 12) to base 11
1089
Convert 121 (base 14) to base 16.
e1
Convert -101202102 (base 3) to base 7.
-31601
110101111100111 (base 2) to base 3
1101220002
cc71 (base 14) to base 15
a739
What is -151546 (base 7) in base 10?
-29434
16516 (base 11) to base 13
a775
Convert -10101110000 (base 2) to base 16.
-570
What is -2055 (base 6) in base 13?
-29c
What is -101011000 (base 2) in base 9?
-422
Convert -2136 (base 8) to base 2.
-10001011110
1c1 (base 16) to base 12
315
Convert -331313 (base 4) to base 13.
-1a57
11111010 (base 2) to base 3
100021
What is -1100100011 (base 2) in base 4?
-30203
What is 11130 (base 9) in base 11?
5616
Convert -596 (base 10) to base 15.
-29b
-12110 (base 3) to base 14
-a7
74f (base 16) to base 7
5312
What is 14320 (base 10) in base 12?
8354
What is -a94 (base 12) in base 11?
-1191
Convert -ee (base 15) to base 13.
-143
Convert 3a9 (base 13) to base 12.
45a
-142401 (base 5) to base 7
-23265
What is fcd (base 16) in base 10?
4045
What is 2372 (base 10) in base 2?
100101000100
132 (base 12) to base 14
d0
Convert 1999 (base 11) to base 14.
cc8
Convert -6055a (base 11) to base 6.
-1521444
Convert -11462 (base 8) to base 2.
-1001100110010
Convert -12112222 (base 3) to base 6.
-30425
Convert 1101101 (base 2) to base 5.
414
Convert 25642 (base 7) to base 11.
515a
6433 (base 9) to base 7
16533
Convert -1786 (base 13) to base 16.
-da2
Convert 2233312 (base 4) to base 3.
120102211
Convert -41031 (base 8) to base 7.
-100222
1200111 (base 4) to base 14
2365
-10131 (base 4) to base 14
-165
What is -51002 (base 6) in base 11?
-503a
Convert -215113 (base 6) to base 15.
-54d3
What is 522 (base 11) in base 5?
10004
What is 33308 (base 11) in base 7?
260531
2511 (base 6) to base 9
757
Convert 30018 (base 9) to base 10.
19700
What is -29a (base 13) in base 6?
-2053
25b1 (base 14) to base 13
3026
-33311 (base 5) to base 11
-182a
Convert -183 (base 16) to base 13.
-23a
Convert 16b9 (base 13) to base 4.
310203
What is 6116 (base 8) in base 5?
100100
-10515 (base 6) to base 10
-1487
What is -8527 (base 10) in base 12?
-4b27
Convert -212565 (base 7) to base 2.
-1001000010000001
-12079 (base 11) to base 14
-64a1
475 (base 14) to base 3
1012212
Convert -2220222012 (base 3) to base 8.
-160341
Convert 13210 (base 4) to base 16.
1e4
What is -3558 (base 13) in base 16?
-1d55
What is 100001001101110 (base 2) in base 7?
100403
What is 86e (base 16) in base 7?
6202
174 (base 11) to base 4
3022
Convert -404 (base 10) to base 3.
-112222
32587 (base 9) to base 6
244041
What is 101042 (base 5) in base 7?
12353
What is 25c1 (base 13) in base 9?
7355
What is 2 (base 15) in base 9?
2
3313 (base 6) to base 11
636
1031 (base 7) to base 8
555
10201 (base 4) to base 16
121
Convert -155115 (base 6) to base 15.
-4858
144111 (base 6) to base 3
201000121
What is 6d3f (base 16) in base 15?
8447
What is -40233 (base 5) in base 8?
-5010
Convert 1148 (base 15) to base 5.
104133
What is -15227 (base 8) in base 9?
-10303
Convert -17b (base 13) to base 8.
-417
Convert -25360 (base 7) to base 8.
-15062
4364 (base 7) to base 13
935
What is -3e8 (base 16) in base 10?
-1000
Convert 8515 (base 12) to base 15.
44ab
Convert -2000 (base 13) to base 16.
-112a
What is 54020 (